ded by 30?
3
Calculate the remainder when 82 is divided by 6.
4
Calculate the remainder when 107 is divided by 29.
20
What is the remainder when 60 is divided by 13?
8
What is the remainder when 518 is divided by 31?
22
Calculate the remainder when 182 is divided by 44.
6
What is the remainder when 5084 is divided by 725?
9
Calculate the remainder when 36 is divided by 3.
0
Calculate the remainder when 41 is divided by 35.
6
Calculate the remainder when 803 is divided by 388.
27
Calculate the remainder when 789 is divided by 263.
0
What is the remainder when 806 is divided by 18?
14
What is the remainder when 1221 is divided by 47?
46
What is the remainder when 3089 is divided by 7?
2
Calculate the remainder when 1203 is divided by 5.
3
Calculate the remainder when 91 is divided by 21.
7
Calculate the remainder when 538 is divided by 6.
4
What is the remainder when 498 is divided by 176?
146
Calculate the remainder when 3506 is divided by 1151.
53
What is the remainder when 234 is divided by 191?
43
Calculate the remainder when 109 is divided by 11.
10
What is the remainder when 136 is divided by 36?
28
Calculate the remainder when 285 is divided by 56.
5
Calculate the remainder when 335 is divided by 56.
55
What is the remainder when 118 is divided by 74?
44
What is the remainder when 449 is divided by 45?
44
Calculate the remainder when 5103 is divided by 44.
43
What is the remainder when 5791 is divided by 19?
15
What is the remainder when 27878 is divided by 49?
46
What is the remainder when 599 is divided by 6?
5
Calculate the remainder when 939 is divided by 926.
13
What is the remainder when 54626 is divided by 139?
138
Calculate the remainder when 1999 is divided by 999.
1
Calculate the remainder when 127 is divided by 16.
15
What is the remainder when 4966 is divided by 160?
6
Calculate the remainder when 3277 is divided by 24.
13
What is the remainder when 792 is divided by 114?
108
What is the remainder when 1218 is divided by 82?
70
What is the remainder when 12518 is divided by 8?
6
Calculate the remainder when 761 is divided by 63.
5
Calculate the remainder when 3095 is divided by 1028.
11
What is the remainder when 173 is divided by 57?
2
What is the remainder when 1117 is divided by 75?
67
Calculate the remainder when 126 is divided by 17.
7
What is the remainder when 294 is divided by 287?
7
What is the remainder when 25 is divided by 16?
9
Calculate the remainder when 6826 is divided by 207.
202
What is the remainder when 4125 is divided by 32?
29
Calculate the remainder when 238 is divided by 45.
13
What is the remainder when 63 is divided by 14?
7
Calculate the remainder when 815 is divided by 159.
20
Calculate the remainder when 145 is divided by 56.
33
What is the remainder when 96 is divided by 28?
12
What is the remainder when 12080 is divided by 43?
40
What is the remainder when 2936 is divided by 2934?
2
What is the remainder when 367 is divided by 37?
34
What is the remainder when 28 is divided by 8?
4
Calculate the remainder when 361 is divided by 145.
71
What is the remainder when 196 is divided by 40?
36
Calculate the remainder when 2369 is divided by 91.
3
Calculate the remainder when 88 is divided by 20.
8
What is the remainder when 2692 is divided by 533?
27
Calculate the remainder when 557 is divided by 156.
89
What is the remainder when 3778 is divided by 1877?
24
What is the remainder when 999 is divided by 490?
19
What is the remainder when 175 is divided by 60?
55
What is the remainder when 358 is divided by 358?
0
Calculate the remainder when 640 is divided by 161.
157
What is the remainder when 5982 is divided by 146?
142
Calculate the remainder when 736 is divided by 61.
4
What is the remainder when 84 is divided by 24?
12
Calculate the remainder when 59 is divided by 12.
11
What is the remainder when 1085 is divided by 98?
7
Calculate the remainder when 3092 is divided by 84.
68
What is the remainder when 1559 is divided by 103?
14
What is the remainder when 130 is divided by 36?
22
What is the remainder when 598 is divided by 15?
13
Calculate the remainder when 103 is divided by 18.
13
Calculate the remainder when 46 is divided by 6.
4
Calculate the remainder when 14317 is divided by 80.
77
Calculate the remainder when 4179 is divided by 47.
43
Calculate the remainder when 2310 is divided by 89.
85
What is the remainder when 1778 is divided by 20?
18
What is the remainder when 65 is divided by 63?
2
Calculate the remainder when 58 is divided by 38.
20
Calculate the remainder when 801 is divided by 10.
1
What is the remainder when 126 is divided by 16?
14
Calculate the remainder when 1248 is divided by 25.
23
What is the remainder when 359 is divided by 171?
17
What is the remainder when 375 is divided by 185?
5
Calculate the remainder when 862 is divided by 16.
14
Calculate the remainder when 545 is divided by 228.
89
Calculate the remainder when 89 is divided by 13.
11
What is the remainder when 6396 is divided by 194?
188
Calculate the remainder when 330 is divided by 12.
6
Calculate the remainder when 56 is divided by 17.
5
Calculate the remainder when 588 is divided by 66.
60
Calculate the remainder when 2699 is divided by 671.
15
What is the remainder when 1318 is divided by 22?
20
Calculate the remainder when 60 is divided by 48.
12
Calculate the remainder when 984 is divided by 958.
26
What is the remainder when 104 is divided by 18?
14
Calculate the remainder when 344 is divided by 165.
14
Calculate the remainder when 158 is divided by 39.
2
What is the remainder when 6 is divided by 3?
0
Calculate the remainder when 9866 is divided by 35.
31
What is the remainder when 81 is divided by 55?
26
What is the remainder when 123 is divided by 7?
4
What is the remainder when 401 is divided by 207?
194
Calculate the remainder when 14401 is divided by 26.
23
What is the remainder when 371 is divided by 29?
23
Calculate the remainder when 340 is divided by 23.
18
What is the remainder when 140 is divided by 21?
14
Calculate the remainder when 258 is divided by 67.
57
Calculate the remainder when 66 is divided by 43.
23
Calculate the remainder when 1874 is divided by 371.
19
What is the remainder when 563 is divided by 93?
5
Calculate the remainder when 49266 is divided by 11.
8
Calculate the remainder when 38917 is divided by 11.
10
What is the remainder when 325 is divided by 98?
31
What is the remainder when 8994 is divided by 243?
3
Calculate the remainder when 2522 is divided by 53.
31
Calculate the remainder when 199 is divided by 15.
4
Calculate the remainder when 105 is divided by 53.
52
What is the remainder when 32 is divided by 9?
5
What is the remainder when 210 is divided by 124?
86
Calculate the remainder when 341 is divided by 15.
11
What is the remainder when 174 is divided by 138?
36
What is the remainder when 7726 is divided by 3859?
8
Calculate the remainder when 888 is divided by 99.
96
What is the remainder when 229 is divided by 17?
8
Calculate the remainder when 27901 is divided by 16.
13
What is the remainder when 45 is divided by 29?
16
Calculate the remainder when 1246 is divided by 129.
85
Calculate the remainder when 2946 is divided by 44.
42
Calculate the remainder when 3132 is divided by 19.
16
Calculate the remainder when 357 is divided by 20.
17
What is the remainder when 1119 is divided by 140?
139
What is the remainder when 554 is divided by 112?
106
Calculate the remainder when 280 is divided by 139.
2
What is the remainder when 648 is divided by 345?
303
What is the remainder when 875 is divided by 98?
91
Calculate the remainder when 825 is divided by 27.
15
Calculate the remainder when 52 is divided by 25.
2
What is the remainder when 1313 is divided by 94?
91
Calculate the remainder when 489 is divided by 155.
24
What is the remainder when 7962 is divided by 4?
2
Calculate the remainder when 1102 is divided by 16.
14
Calculate the remainder when 5604 is divided by 1868.
0
Calculate the remainder when 261 is divided by 128.
5
What is the remainder when 568 is divided by 556?
12
Calculate the remainder when 1859 is divided by 1857.
2
Calculate the remainder when 10385 is divided by 17.
15
What is the remainder when 361 is divided by 14?
11
What is the remainder wh